- 42?
-94
0 + 5 - (1 + 1 - (194 - 103 - 51))
43
What is 14 - (-57 + 28) - 23 - (-1 + -21)?
42
Evaluate 11 + -49 - 14 - (3 + -4 + 7).
-58
What is (20 - -14) + -21 + -2 + 1 + -3?
9
Calculate -32 - -50 - ((8 - 16) + -9 - -4).
31
Evaluate 91 + -4 + -12 + 9.
84
-59 - (-20 + 88) - -65
-62
Evaluate -148 - (87 + 60 + -229).
-66
Calculate (5 - -51) + -55 - -33.
34
(3 - 5) + -8 + 23 + 9 + -25
-3
Calculate 2 + -8 - (-932 + 886).
40
What is 9 - (18 - 117) - 54?
54
What is the value of 0 + -3 + 1 + -11 - (35 + -35)?
-13
Calculate (765 - 756) + -40 + -2.
-33
Calculate -26 + 1 - -18 - (-16 + -3).
12
Calculate 59 + -3 + (2 - (44 + -36)).
50
((6 - -9) + -28 - -15) + -2
0
What is (235 - 198) + (-11 - -38 - -8)?
72
What is the value of -33 + -67 + 65 + -7 + -65?
-107
Evaluate (-1 - 0) + (103 - 137) + 38 + (1 - 2).
2
Evaluate (-24 - -14 - 42) + -16.
-68
What is the value of 12 + -39 + -52 + 118?
39
What is the value of (10 - -1) + (-1 - -23 - 26) + -5 + 78?
80
Calculate 2 + -12 + (26 - 22) - (-86 - (3 + -16)).
67
Evaluate -19 + (-4 + 15 - 1) + 5 + -121.
-125
What is -32 + -29 + 7 + 89 - (0 - -9)?
26
Calculate 17 + -2 + 4 - (-320 - -321).
18
-3 - 33 - (-2654 + 2665)
-47
What is the value of 46 - (64 - 12) - (2 - (70 + 2 + -3))?
61
What is the value of 13 + (149 - (230 + 62))?
-130
Calculate 23 + (338 + -332 - (-1 - -14)).
16
What is the value of 3 - 76 - (117 - 163)?
-27
Evaluate 45 + -2 + -1 + (23 - (37 - 34)).
62
Calculate -85 + 73 + (-6 - -1 - (-39 - -6)).
16
Calculate (68 - 187 - 5) + 87.
-37
What is 77 + -105 + -47 - (-3 + 16 - 4)?
-84
Calculate 0 - 3 - -75 - (720 + -715).
67
-43 + 48 + (4 + -5 - 29)
-25
What is 3659 + -3599 + (-22 - 1)?
37
(84 - (-46 + 202)) + (-3 - -1) + -1
-75
(-32 - -6) + -5 - 3 - (234 + -219)
-49
-101 + 72 + -85 + 130
16
What is (-27 + (78 - 42) - 40) + 99?
68
41 + (140 - -104 - 154)
131
Calculate (33 - (3 - -36) - (-82 + -1)) + 22.
99
71 + -28 + -2 + (-25 - (-16 + 10)) + 9
31
-21 + 7 - ((-3 + -13 - -33) + -2)
-29
Evaluate 6 + -17 + 23 + -27 - 16.
-31
Calculate -37 + -5 - (2 - (-16 - -7) - 0) - 11.
-64
What is the value of -35 + 0 + -938 + 979 - (-5 - 2)?
13
What is the value of 7 + -25 - (1 - (3 + 11 + -15 + -7))?
-27
What is -6 + (-11 - 5) + (-16 + -7 - -19 - -9)?
-17
-3 + (5 - ((-2 - 2) + 26 + -18)) + 35
33
Evaluate 6 + (-211 - -232) + -14 + -1 + (-2 - -5).
15
-85 - -48 - (-11 + 2)
-28
2 + (26 - -5) - (68 + 47)
-82
What is (13 + -3 - -9) + -39 + -9?
-29
Calculate (32 + -18 - -9) + 63.
86
What is the value of -17 - (2 + -23 + 293 + -244)?
-45
What is 41 - ((23 - -2) + -28 + 7)?
37
Calculate -12 - (-1 + -16 - ((-136 - -71) + 46)).
-14
Calculate (-24 - (-57 + 46)) + -20.
-33
400 + -404 + -4 + -35
-43
What is the value of 113 + 47 + (5 - -16 - 22) + -21?
138
What is the value of 26 + (16 - 4) + 17 + -25?
30
Evaluate 43 + -40 + (-5 + -1 - -25) + -54.
-32
Evaluate 2859 - 2840 - (-70 - (-2 - 0)).
87
Evaluate -44 + 66 + -50 - (-14 - -1) - -7.
-8
What is -14 + -94 + 93 - (5 - (31 + -3))?
8
38 + (-21 - 45 - -43)
15
What is the value of (4 - -25) + (-44 - (23 - -3))?
-41
-115 - (-10 + (-9 - -16) + (-9 - (6 + -23)))
-120
Evaluate 2 + 4 + -14 + (9 + -5 - 21).
-25
Evaluate (16 - 68) + -138 + 161.
-29
Evaluate 19 + -56 - (52 + -89) - (-5 + 0).
5
What is 48 + (-60 - (54 + -62))?
-4
-20 - -19 - ((7 - 14) + -5 + 12 + -16)
15
Calculate 38 + (-777 - -779) + (0 + 1 - 4) + 5.
42
Calculate 28 + 50 + 11 + 9.
98
What is the value of (-2 - 0) + 4 + (0 - 16) + 10 + -9?
-13
What is the value of 94 + -24 - (37 + 2)?
31
What is the value of -39 - (35 - 62 - -40)?
-52
Evaluate -24 - (-5 + 1) - (-23 - -5).
-2
-37 + 1 - (15111 + -15187)
40
(26 + 0 + -24 + 8 - 19) + (-63 - -1)
-71
What is the value of -8 + (0 - (16 + (4 - -15))) - (5 + 1)?
-49
What is the value of (13 - -2 - (-8 - -36)) + -47?
-60
((-17 - -20) + 11 - (-10 + 7)) + -18
-1
What is 62 + -2 + -4 - (6 + 1 - -6)?
43
Evaluate (20 + -11 - 22) + 1 + 24 - -11.
23
(-13 - -5) + 4 + (-512 + 426 - (-9 - 0))
-81
What is the value of 4 - 7 - (-5 + (-6 - -7) + -3)?
4
Evaluate -51 + (-2 - (65 - 32)).
-86
What is the value of -1 + 50 - (1274 + -1196)?
-29
102 - (166 - (-139 + 163))
-40
What is (5 - -3) + 64 - (321 - 294)?
45
What is -82 + -1 + 5 + (18 - (8 + 29)) + 20?
-77
Calculate (-38 - -49) + 81 + -76.
16
What is the value of (25 - 96) + 110 - (1 + -16 + 2)?
52
-15 + 19 - (22 + -41 + (1 - -7)) - -8
23
Evaluate -23 + 3 + (5 - (-9 + -41)).
35
Evaluate 1 + 14 - (-94 - -18 - -60).
31
(-10 - -30) + -32 + 22 + 29
39
What is the value of (60 + -2 + -6 - (-1 + 4)) + (6 - 2)?
53
Calculate (48 - (1 + (18 - 11 - 4))) + -12.
32
What is -13 - ((-28 + 14 - -58) + -22)?
-35
Evaluate 5 - (-1 + 28 + -19) - 8 - -12.
1
What is 4 + 21 + (13 - (1 + 5)) + 1?
33
Calculate (-9 - 0) + -69 + (-40 - -71).
-47
Calculate 110 + -31 + 3 + -145.
-63
Calculate -816 - -847 - (1 - 14).
44
(2 - -1) + (-55 - (-21 + 28 + 46))
-105
Evaluate (-18 + -2 + 1 + 4 - (207 - 221)) + 100.
99
What is (-24 - 5 - -4) + 18?
-7
Evaluate -16 + (-9 - 2) + 11 + (-6 - -1).
-21
What is the value of (57 - 19) + (-5 - 3) + (-18 - -17)?
29
What is the value of -80 - (-5 + -69 + 44 + (-1 - -23))?
-72
What is -52 + (30 - -27 - 18)?
-13
Evaluate -25 + (-115 - -70 - -131).
61
7 + (-35 - (-1 - 2)) + -12 + 3
-34
What is -38 - (-63 - -80) - -64?
9
What is the value of (2 - 72) + -2 + -7 + 1 + 24 + -9?
-63
What is the value of 132 - (-1 - (21 + (-58 - -28)))?
124
(-5 - -4) + -28 + (25 - 43) + -19
-66
Calculate (41 - 60) + (69 - 4) - (-2 - 5) - -8.
61
Calculate (32 - 30) + 11 - -28.
41
Calculate (-190 + -55 - -94) + 16.
-135
What is 236 - -2 - (-303 - -447)?
94
-7 + (-92 - ((12 - 0 - -5) + 7 + -13))
-110
((5 - 0) + 16 + -24 + -8 - -11) + -40
-40
Calculate 56 - (-1 - (2 - (-14 - -9))) - 14.
50
What is the value of 8 - ((-5 + 13 - -3) + -6)?
3
What is the value of 5 + (19 + -18 - 45) - -19?
-20
What is 0 - ((2 - 16) + 20 + -8) - (-16 - -145)?
-127
What is the value of 9 - (22 + -43 - -30 - (1 + -2 - 0))?
-1
Evaluate 123 + -3 - (318 + -241).
43
(155 + -23 - 247) + 128
13
What is the value of -12 - 32 - (-44 - 0)?
0
What is the value of 1 - (-1 + 2 + 62 + 3 + 2 + -6)?
-61
Evaluate 1 + 2 + -1 - (541 + -546).
7
Evaluate -2 + -19 + (-77 - (3 - 71)).
-30
Evaluate (0 + (6 - 3) - -9) + (-52 - (49 - 22)).
-67
Calculate 77 + (-28 - 25 - 93).
-69
Evaluate (-124 - (-22 - 91)) + -6.
-17
Calculate (2 - (2 - -14) - 62) + (-83 - -101).
-58
Evaluate 5 + (1 + 12 - 6) - 1 - (-3 + -6).
20
Calculate -1 + -43 - (-2 + (-8 - 2)).
-32
Evaluate -32 + 128 - (-111 + 108 - (-2 + 1 + -2)).
96
Calculate 331 + -292 - (0 - (7 - 3) - -16).
27
What is (-74 - (-34 + 23) - -19) + 19?
-25
Evaluate -129 - -71 - 35 - -116.
23
What is 42 - (127 + -73 + 28)?
-40
What is the value of -40 + 27 + 43 + 32?
62
What is the value of 1 - (4 + -15 + 15 - -25)?
-28
-6 + -2 + -79 + 91 + 9 - (-1 + 47)
-33
Calculate -19 + (-1 - (-2 + (55 - 0))).
-73
What is the value of 44 + -37 + 33 - 34?
6
Evaluate (2 - -2) + 151 + -156 + 40.
39
95 + 3 + 8 + (361 - 357) - (0 + -7)
117
Evaluate -72 + (-4 - -87 - 27).
-16
Calculate 17 - (12 + (-20 - (-5 - 35))).
-15
Calculate 87 + -25 + -41 - 93.
-72
What is 84 + -40 + 49 + -15?
78
What is the value of 3 - (-53 - 11) - 21?
46
Evaluate -97 + 98 + -89 + 93.
5
What is the value of -12 - (-1 - 6) - 11?
-16
((-3 - -12) + -65 - -12 - -22) + 85
63
Evaluate (-8 - -13 - (2 - 0)) + -1 + -4 + 8.
6
What is the value of 21 - (28 - -35 - 5)?
-37
16 + (133 - (-5 + -10) - 4) + -19
141
What is (2 - -52) + -1178 + 1056?
-68
What is (-1 - 9) + (-233 - -271) + -51?
-23
What is the value of -53 - (-3 - -10) - (78 - 88 - (0 + -19))?
-69
Calculate 193 + -99 + -100 + (-1 - (27 - -1)).
-35
What is -9 + 39 - (-1 + -2 + -12)?
45
What is 78 + (32 - (54 - 33)) + (0 - 0)?
89
Evaluate 10 + -109 + 13 + 24.
-62
What is 67 + (519 + -566 - (-1 + -15))?
36
35 + 102 + (-53 - 71)
13
Calculate -15 - ((407 - 373) + -3 + 4).
-50
-8 - -22 - 4 - -2 - (-80 + 139)
-47
What is (135 + -73 - 16) + -58 + 1 + 0 + 4?
-7
Calculate 72 - (98 - -1) - (-12 + -1).
-14
What is 66 - (-38 + (-7 + 12 - 4 - -18))?
85
What is the value of 27 + (-12 + 33 - 23) + 3 + -1 + 1?
28
3 - 2 - (-13 - (-1 - 3 - (-74 - -86)))
-2
Calculate -30 + (23 + -21 + 3 - 18) + (-3 - -4).
-42
What is (-8 - 3) + (8 - 9) + (11 - 5)?
-6
What is the value of (-3 + -2 - ((3 - -22) + -32)) + 3?